digit of 25254?
2
What is the tens digit of 11449?
4
What is the units digit of 5268?
8
What is the tens digit of 31883?
8
What is the units digit of 3806?
6
What is the units digit of 21689?
9
What is the tens digit of 1818?
1
What is the tens digit of 2886?
8
What is the units digit of 76749?
9
What is the hundreds digit of 638?
6
What is the tens digit of 1451?
5
What is the hundreds digit of 12878?
8
What is the ten thousands digit of 28879?
2
What is the hundreds digit of 101730?
7
What is the thousands digit of 1346?
1
What is the tens digit of 40895?
9
What is the tens digit of 5989?
8
What is the ten thousands digit of 18377?
1
What is the tens digit of 8530?
3
What is the hundreds digit of 10546?
5
What is the tens digit of 428?
2
What is the units digit of 13513?
3
What is the hundreds digit of 113733?
7
What is the thousands digit of 11937?
1
What is the units digit of 6399?
9
What is the hundreds digit of 1558?
5
What is the hundreds digit of 81295?
2
What is the tens digit of 31275?
7
What is the units digit of 12182?
2
What is the units digit of 58059?
9
What is the units digit of 6186?
6
What is the thousands digit of 170209?
0
What is the units digit of 637?
7
What is the units digit of 24970?
0
What is the tens digit of 22113?
1
What is the tens digit of 957?
5
What is the thousands digit of 20553?
0
What is the hundred thousands digit of 108059?
1
What is the hundreds digit of 4016?
0
What is the tens digit of 82228?
2
What is the thousands digit of 73165?
3
What is the thousands digit of 17635?
7
What is the thousands digit of 18469?
8
What is the hundreds digit of 8266?
2
What is the hundreds digit of 1210?
2
What is the tens digit of 19566?
6
What is the tens digit of 51422?
2
What is the thousands digit of 43863?
3
What is the tens digit of 1313?
1
What is the tens digit of 26455?
5
What is the hundreds digit of 249?
2
What is the tens digit of 3016?
1
What is the tens digit of 2482?
8
What is the tens digit of 57027?
2
What is the tens digit of 58232?
3
What is the units digit of 9143?
3
What is the units digit of 329?
9
What is the thousands digit of 93628?
3
What is the units digit of 14079?
9
What is the hundreds digit of 290?
2
What is the ten thousands digit of 13689?
1
What is the hundreds digit of 5071?
0
What is the units digit of 1968?
8
What is the tens digit of 1258?
5
What is the thousands digit of 5350?
5
What is the tens digit of 2011?
1
What is the thousands digit of 2703?
2
What is the thousands digit of 13609?
3
What is the ten thousands digit of 16086?
1
What is the hundreds digit of 8814?
8
What is the hundreds digit of 151?
1
What is the ten thousands digit of 23656?
2
What is the units digit of 1842?
2
What is the tens digit of 907?
0
What is the hundreds digit of 45600?
6
What is the hundreds digit of 8638?
6
What is the thousands digit of 26999?
6
What is the thousands digit of 3133?
3
What is the tens digit of 3560?
6
What is the hundreds digit of 92797?
7
What is the units digit of 1454?
4
What is the tens digit of 2347?
4
What is the ten thousands digit of 12479?
1
What is the ten thousands digit of 10528?
1
What is the ten thousands digit of 48229?
4
What is the units digit of 13512?
2
What is the units digit of 688?
8
What is the units digit of 1189?
9
What is the units digit of 40163?
3
What is the tens digit of 30302?
0
What is the tens digit of 1801?
0
What is the tens digit of 7994?
9
What is the hundreds digit of 3762?
7
What is the thousands digit of 3047?
3
What is the tens digit of 16402?
0
What is the ten thousands digit of 23521?
2
What is the units digit of 280?
0
What is the units digit of 29816?
6
What is the hundreds digit of 27138?
1
What is the hundreds digit of 955?
9
What is the units digit of 1700?
0
What is the units digit of 382?
2
What is the hundreds digit of 27720?
7
What is the units digit of 21181?
1
What is the tens digit of 47237?
3
What is the tens digit of 18096?
9
What is the tens digit of 715?
1
What is the hundreds digit of 44685?
6
What is the tens digit of 9385?
8
What is the thousands digit of 27358?
7
What is the thousands digit of 38437?
8
What is the units digit of 89696?
6
What is the hundreds digit of 43854?
8
What is the units digit of 553?
3
What is the ten thousands digit of 12314?
1
What is the units digit of 8250?
0
What is the tens digit of 4214?
1
What is the hundreds digit of 815?
8
What is the units digit of 897?
7
What is the units digit of 5067?
7
What is the ten thousands digit of 12951?
1
What is the units digit of 7?
7
What is the thousands digit of 2919?
2
What is the tens digit of 40698?
9
What is the units digit of 35342?
2
What is the units digit of 938?
8
What is the thousands digit of 9299?
9
What is the hundreds digit of 2780?
7
What is the hundreds digit of 72844?
8
What is the thousands digit of 9528?
9
What is the units digit of 2994?
4
What is the hundreds digit of 21541?
5
What is the tens digit of 54672?
7
What is the hundreds digit of 29302?
3
What is the hundreds digit of 4735?
7
What is the thousands digit of 3776?
3
What is the thousands digit of 6163?
6
What is the ten thousands digit of 16463?
1
What is the thousands digit of 19390?
9
What is the hundreds digit of 10118?
1
What is the hundreds digit of 13787?
7
What is the units digit of 73968?
8
What is the ten thousands digit of 179291?
7
What is the tens digit of 1060?
6
What is the hundreds digit of 5975?
9
What is the units digit of 121?
1
What is the hundreds digit of 34744?
7
What is the units digit of 81623?
3
What is the hundreds digit of 68960?
9
What is the units digit of 18466?
6
What is the units digit of 1883?
3
What is the tens digit of 45460?
6
What is the tens digit of 36?
3
What is the thousands digit of 2236?
2
What is the hundreds digit of 4385?
3
What is the ten thousands digit of 61848?
6
What is the hundreds digit of 5959?
9
What is the hundreds digit of 2217?
2
What is the units digit of 556?
6
What is the thousands digit of 78282?
8
What is the thousands digit of 15076?
5
What is the tens digit of 1095?
9
What is the tens digit of 5029?
2
What is the units digit of 2960?
0
What is the tens digit of 663?
6
What is the ten thousands digit of 22533?
2
What is the units digit of 17232?
2
What is the thousands digit of 2581?
2
What is the hundreds digit of 387?
3
What is the tens digit of 15?
1
What is the ten thousands digit of 18882?
1
What is the units digit of 6807?
7
What is the thousands digit of 1844?
1
What is the units digit of 1198?
8
What is the ten thousands digit of 14431?
1
What is the tens digit of 3139?
3
What is the hundreds digit of 34010?
0
What is the units digit of 69204?
4
What is the hundreds digit of 5708?
7
What is the ten thousands digit of 66376?
6
What is the hundreds digit of 73555?
5
What is the hundreds digit of 1718?
7
What is the tens digit of 1455?
5
What is the hundreds digit of 3692?
6
What is the hundreds digit of 50761?
7
What is the tens digit of 4295?
9
What is the hundreds digit of 2670?
6
What is the hundreds digit of 7132?
1
What is the units digit of 14138?
8
What is the hundreds digit of 812?
8
What is the hundreds digit of 5841?
8
What is the thousands digit of 1702?
1
What is the tens digit of 461?
6
What is the units digit of 119?
9
What is the tens digit of 2497?
9
What is the tens digit of 118?
1
What is the tens digit of 45025?
2
What is the thousands digit of 16760?
6
What is the tens digit of 194?
9
What is the units digit of 4701?
1
What is the hundreds digit of 78496?
4
What is the thousands digit of 8675?
8
What is the thousands digit of 4583?
4
What is the units digit of 35188?
8
What is the tens digit of 873?
7
What is the hundreds digit of 1306?
3
What is the units digit of 11046?
6
What is the thousands digit of 2783?
2
What is the tens digit of 126147?
4
What is the ten thousands digit of 110692?
1
What is the hundreds digit of 1188?
1
What is the tens digit of 4704?
0
What is the tens digit of 40180?
8
What is the hundreds digit of 76194?
1
What is the ten thousands digit of 43920?
4
What is the tens digit of 45315?
1
What is the tens digit of 3670?
7
What is the hundreds digit of 4110?
1
What is the units digit of 11559?
9
What is the hundreds digit of 29388?
3
What is the thousands d